{"id":664,"date":"2022-05-06T18:11:51","date_gmt":"2022-05-06T18:11:51","guid":{"rendered":"https:\/\/cabanaalegre.com\/?page_id=664"},"modified":"2022-05-06T19:50:05","modified_gmt":"2022-05-06T19:50:05","slug":"pagina-de-inicio","status":"publish","type":"page","link":"https:\/\/cabanaalegre.com\/","title":{"rendered":"P\u00e1gina de Inicio"},"content":{"rendered":"<p>\u00a1BIENVENIDOS!<br \/>\n<img decoding=\"async\" width=\"1024\" height=\"172\" src=\"https:\/\/cabanaalegre.com\/wp-content\/uploads\/2019\/11\/banda-1024x172.png\" alt=\"\" loading=\"lazy\" srcset=\"https:\/\/cabanaalegre.com\/wp-content\/uploads\/2019\/11\/banda-1024x172.png 1024w, https:\/\/cabanaalegre.com\/wp-content\/uploads\/2019\/11\/banda-300x50.png 300w, https:\/\/cabanaalegre.com\/wp-content\/uploads\/2019\/11\/banda-768x129.png 768w, https:\/\/cabanaalegre.com\/wp-content\/uploads\/2019\/11\/banda-1536x258.png 1536w, https:\/\/cabanaalegre.com\/wp-content\/uploads\/2019\/11\/banda.png 1920w\" sizes=\"auto, (max-width: 1024px) 100vw, 1024px\"><\/p>\n<p style=\"text-align: center;\">Carretera Morelia-P\u00e1tzcuaro&nbsp; a 500 metros del lado derecho, de la desviaci\u00f3n a Cuanajo, Michoac\u00e1n.<\/p>\n<p>\t\t\t\t\t\t\t\t\t\t\t\t<img decoding=\"async\" width=\"960\" height=\"288\" src=\"https:\/\/cabanaalegre.com\/wp-content\/uploads\/2019\/11\/foto1.png\" alt=\"\" loading=\"lazy\" srcset=\"https:\/\/cabanaalegre.com\/wp-content\/uploads\/2019\/11\/foto1.png 960w, https:\/\/cabanaalegre.com\/wp-content\/uploads\/2019\/11\/foto1-300x90.png 300w, https:\/\/cabanaalegre.com\/wp-content\/uploads\/2019\/11\/foto1-768x230.png 768w\" sizes=\"auto, (max-width: 960px) 100vw, 960px\"><\/p>\n<h1 style=\"text-align: center;\">\u00a1V<b>EN Y CON\u00d3CENOS!<\/b><\/h1>\n<hr>\n<p style=\"text-align: center;\">Adem\u00e1s de nuestra deliciosa comida, no puedes perderte la oportunidad de divertirte en un ambiente totalmente familiar con atracciones para chicos y grandes como los paseos en tren y pony, juegos infantiles al aire libre y en \u00e1rea techada, resbaladilla de avi\u00f3n &nbsp;de&nbsp; Rupe, canchas deportivas de futbol y voleibol.<\/p>\n<p style=\"text-align: center;\">Los fines de semana encontraras a tus super h\u00e9roes favoritos y m\u00fasica en vivo despu\u00e9s de las 3:00 de la tarde.<\/p>\n<h4>OFRECEMOS<\/h4>\n<ul>\n<li>\n\t\t\t\t\t\t\t\t\t\tPrecios especiales para grupos<\/li>\n<li>\n\t\t\t\t\t\t\t\t\t\tCotizaciones pesonalizadas<\/li>\n<li>\n\t\t\t\t\t\t\t\t\t\tSalones de eventos y usos m\u00faltiples<\/li>\n<li>\n\t\t\t\t\t\t\t\t\t\tBienvenidas tarjetas Visa y Mastercard<\/li>\n<li>\n\t\t\t\t\t\t\t\t\t\tFacturaci\u00f3n electr\u00f3nica<\/li>\n<li>\n\t\t\t\t\t\t\t\t\t\tCortesias para cumplea\u00f1eros<\/li>\n<li>\n\t\t\t\t\t\t\t\t\t\tCocina de mexicana, con sabor a casa<\/li>\n<\/ul>\n<p><img decoding=\"async\" width=\"559\" height=\"651\" src=\"https:\/\/cabanaalegre.com\/wp-content\/uploads\/2019\/11\/horario.png\" alt=\"\" loading=\"lazy\" srcset=\"https:\/\/cabanaalegre.com\/wp-content\/uploads\/2019\/11\/horario.png 559w, https:\/\/cabanaalegre.com\/wp-content\/uploads\/2019\/11\/horario-258x300.png 258w\" sizes=\"auto, (max-width: 559px) 100vw, 559px\"><br \/>\n<img decoding=\"async\" width=\"300\" height=\"89\" src=\"https:\/\/cabanaalegre.com\/wp-content\/uploads\/2019\/11\/croquis-300x89.png\" alt=\"\" loading=\"lazy\" srcset=\"https:\/\/cabanaalegre.com\/wp-content\/uploads\/2019\/11\/croquis-300x89.png 300w, https:\/\/cabanaalegre.com\/wp-content\/uploads\/2019\/11\/croquis-768x228.png 768w, https:\/\/cabanaalegre.com\/wp-content\/uploads\/2019\/11\/croquis.png 1000w\" sizes=\"auto, (max-width: 300px) 100vw, 300px\"><\/p>\n<p style=\"text-align: center;\">Autopista Morelia P\u00e1tzcuaro Kil\u00f3metro 40.5, Zapote, 61615 P\u00e1tzcuaro, Michoac\u00e1n.<\/p>\n<p style=\"text-align: center;\">Carretera Morelia-P\u00e1tzcuaro&nbsp; a 500 metros del lado derecho, de la desviaci\u00f3n a Cuanajo, Michoac\u00e1n.<\/p>\n<p>\t\t\t<iframe frameborder=\"0\" scrolling=\"no\" marginheight=\"0\" marginwidth=\"0\" src=\"https:\/\/maps.google.com\/maps?q=Autopista%20Morelia%20Patzcuaro%20Kil%C3%B3metro%2040.5%2C%20Zapote%2C%2061615%20Patscuaro%2C%20Mich.&amp;t=m&amp;z=11&amp;output=embed&amp;iwloc=near\" title=\"Autopista Morelia Patzcuaro Kil\u00f3metro 40.5, Zapote, 61615 Patscuaro, Mich.\" aria-label=\"Autopista Morelia Patzcuaro Kil\u00f3metro 40.5, Zapote, 61615 Patscuaro, Mich.\"><\/iframe><br \/>\nNUESTRA HISTORIA<br \/>\n<img decoding=\"async\" src=\"https:\/\/cabanaalegre.com\/wp-content\/uploads\/elementor\/thumbs\/menucadef-1-4-pnp734mizlnwq50uxknyqmv9vmcg1vo7hplbimpftg.png\" title=\"menucadef-1-4\" alt=\"menucadef-1-4\"><\/p>\n","protected":false},"excerpt":{"rendered":"<p>\u00a1BIENVENIDOS! Carretera Morelia-P\u00e1tzcuaro&nbsp; a 500 metros del lado derecho, de la desviaci\u00f3n a Cuanajo, Michoac\u00e1n. \u00a1VEN Y CON\u00d3CENOS! Adem\u00e1s de nuestra deliciosa comida, no puedes perderte la oportunidad de divertirte en un ambiente totalmente familiar con atracciones para chicos y grandes como los paseos en tren y pony, juegos infantiles al aire libre y en [&hellip;]<\/p>\n","protected":false},"author":2,"featured_media":0,"parent":0,"menu_order":0,"comment_status":"closed","ping_status":"closed","template":"elementor_header_footer","meta":{"footnotes":""},"class_list":["post-664","page","type-page","status-publish","hentry"],"_links":{"self":[{"href":"https:\/\/cabanaalegre.com\/index.php?rest_route=\/wp\/v2\/pages\/664","targetHints":{"allow":["GET"]}}],"collection":[{"href":"https:\/\/cabanaalegre.com\/index.php?rest_route=\/wp\/v2\/pages"}],"about":[{"href":"https:\/\/cabanaalegre.com\/index.php?rest_route=\/wp\/v2\/types\/page"}],"author":[{"embeddable":true,"href":"https:\/\/cabanaalegre.com\/index.php?rest_route=\/wp\/v2\/users\/2"}],"replies":[{"embeddable":true,"href":"https:\/\/cabanaalegre.com\/index.php?rest_route=%2Fwp%2Fv2%2Fcomments&post=664"}],"version-history":[{"count":18,"href":"https:\/\/cabanaalegre.com\/index.php?rest_route=\/wp\/v2\/pages\/664\/revisions"}],"predecessor-version":[{"id":822,"href":"https:\/\/cabanaalegre.com\/index.php?rest_route=\/wp\/v2\/pages\/664\/revisions\/822"}],"wp:attachment":[{"href":"https:\/\/cabanaalegre.com\/index.php?rest_route=%2Fwp%2Fv2%2Fmedia&parent=664"}],"curies":[{"name":"wp","href":"https:\/\/api.w.org\/{rel}","templated":true}]}}